 = 3*g. Let d be 2*g/5*(-75)/2. Suppose 3*r = -2*r + d. What are the prime factors of r?
2, 3
Suppose -r + 61 = -t + 24, -5*t = r - 13. List the prime factors of r.
3, 11
Let c(p) = p**2 + 7*p - 7. Suppose 0 = -3*w - 12, 0 = 4*n - 0*w + 5*w + 36. Let y be c(n). Let s = y + 83. What are the prime factors of s?
2
Suppose -24*c + 4472 = -16*c. Suppose x - 2*z + 25 = 580, -z = -x + c. List the prime factors of x.
563
Let l(x) = 432*x**2 - 27*x - 242. What are the prime factors of l(-6)?
2, 967
Suppose -15*m - 390 = 11*m. List the prime factors of 165*((-19)/m - 2/3).
3, 11
Let p be 120 - 3*12*(-1)/(-9). Suppose p*k = 109*k + 266. What are the prime factors of k?
2, 19
Let g(y) = -y**3 + y**2 + 8*y - 5. Let x be g(5). List the prime factors of (25/5)/((-5)/x).
5, 13
Suppose -s + 61 = 58. Let q be (s + -2)*10 + (5 - 4). Suppose 9*v + 238 = q*v. List the prime factors of v.
7, 17
Let s be (-342)/(-9)*(-1)/((-1)/(-5)). Let o = s - -377. What are the prime factors of o?
11, 17
Let y(u) = 13*u + 30. Let f be y(-9). Let l = f + 62. List the prime factors of 1/(-5) + (-2105)/l.
2, 3, 7
Let n(k) = -2*k**3 + 8*k**2 - 16*k + 14. Let x be n(9). Let o = -240 - x. What are the prime factors of o?
2, 5, 7
Let q(t) = 739*t**2 + t + 2. Let d be q(-1). Suppose w - f + 172 = -4*f, 4*w + d = f. Let l = w - -317. List the prime factors of l.
7, 19
Suppose 0 = -5*t + 6*t. Suppose t*a - 5*a = -10. What are the prime factors of (-1650)/(-78) + a/(-13)?
3, 7
What are the prime factors of 13/((90/(-1596))/(-15))?
2, 7, 13, 19
Suppose -13*h + 10 = -9*h + 2*s, -4*h - 5 = 5*s. Suppose -h*c + 5167 = -3*j, 2*c = -2*c + 5*j + 4131. What are the prime factors of c?
2, 11, 47
Let z = -8908 + 80195. List the prime factors of z.
71287
Let q = -44973 - -51308. What are the prime factors of q?
5, 7, 181
Let z be (0 - (-5 - 1))/(26/(-13)). Let c be (-2)/z*(-45)/6 - -2. List the prime factors of 2 + 3/c - -67.
2, 17
Let q(b) = b**2 - 138. Let p be q(0). Let k = 236 + p. Suppose -63*w = -64*w + k. What are the prime factors of w?
2, 7
List the prime factors of -14*(-80)/(-140) - -107*163.
3, 13, 149
Let v(q) = -2*q - 27. Let u be v(-17). What are the prime factors of 45396/91 - 6/u?
2, 3, 83
Let d = 348 + -346. Let z(l) = 24*l**3 + l**2 - l - 2. What are the prime factors of z(d)?
2, 3
Suppose 181 = o + 2*b, 347 = 6*o - 4*o + b. Suppose 0 = -2*i + r + 9, 5*i + r - 11 = 3*i. Suppose -o - 9 = -i*w. What are the prime factors of w?
2, 3
Let f be 3/((-12)/80*-5). Suppose 0 = 2*h + 4*m - 232, 5*h + f*m - 545 = m. Let b = 177 - h. List the prime factors of b.
71
Suppose -12*s = 140 + 52. Let p = s - -18. Suppose 2*b = -u + 85, 3*b - 195 + 30 = -p*u. List the prime factors of u.
3, 5
Let k(n) = -n**2 + 14*n - 16. Let q be k(10). Let c = -15 + q. Suppose -v + 210 = 3*m, 4*m = c*m - 3*v - 364. What are the prime factors of m?
71
Let y(f) = 9049*f**2 - 1282*f + 2572. List the prime factors of y(2).
2, 3, 7, 431
Let y(t) = 20*t - 12. Let j = -60 - -68. Let k be (-36)/j*(-6)/9. What are the prime factors of y(k)?
2, 3
What are the prime factors of -2 + 1833393/45 + (187/165)/(-17)?
2, 3, 5, 7, 97
Let z be (-188)/(-12) - 1/(-3). Suppose -s - s = z. List the prime factors of (14/s)/(15/(-540)).
3, 7
Let t(p) be the second derivative of -9*p**3/2 - 110*p**2 - 22*p - 4. What are the prime factors of t(-18)?
2, 7, 19
Let d(k) = 6*k + 54. Let g be d(9). Suppose -a - 3*m + 3 = -12, -g = -4*a + 4*m. What are the prime factors of a?
2, 3
List the prime factors of (-5 - (-18 - -7)) + 12358.
2, 11, 281
Let g be 6/(-10)*(-10)/(-4)*2. Let u(t) = 2*t**2 + 3*t - 9. Let m be u(g). Suppose 5*y + 173 = 6*y + f, -2*y - 3*f + 344 = m. What are the prime factors of y?
5, 7
Let l = 541 + -921. Let a = 775 + l. What are the prime factors of a?
5, 79
What are the prime factors of 6 + 1458107/68 - ((-22)/(-8) - 3)?
89, 241
Suppose -5*l + 4*l - 156 = 0. Let d be -103 - (2/4)/(6/12). Let v = d - l. List the prime factors of v.
2, 13
Let t(p) = 30989*p**2 - p + 2. Let l be t(1). List the prime factors of -4 - (3/8 + l/(-80)).
383
Suppose r = -3*r - 8. Let s(m) = -11*m + 11*m**2 + 38*m - 20*m + 9. What are the prime factors of s(r)?
3, 13
Let l = -16 + 19. Let d be (-2 - 0)*(l/(-6) - 1). What are the prime factors of ((-158)/d)/((-2)/6)?
2, 79
Let o = 17 + -14. Suppose -o*r - 3*r + 126 = 0. What are the prime factors of r?
3, 7
Suppose 2 = l - 2*d + 3, -4*l + 8 = -4*d. Let q(f) = 6*f**2 + 6 + 4*f**2 - 5*f**2 - f**3 + 3*f. List the prime factors of q(l).
3, 7
Let l(f) be the second derivative of 7*f**3 - 21*f**2 - 172*f. What are the prime factors of l(9)?
2, 3, 7
Suppose -23 = -m - 18. Let l(v) = 174*v - 28. List the prime factors of l(m).
2, 421
Suppose -5*s + 5 = 0, 5*b + 5*s - 1426 + 421 = 0. List the prime factors of b + (-4)/6 + (-17)/(-3).
5, 41
Let c(b) = -2227*b - 12100. List the prime factors of c(-9).
13, 47
Suppose 4*f = -2 - 10. Suppose 3*s = -3*i - 444, -278 = 2*s - 3*i - i. List the prime factors of -4*5*(s/20 - f).
5, 17
Suppose 2*w + 4 = 0, -3*b = -2*b - 5*w - 13. Suppose -2*l - 4 = 4, b*h - l + 155 = 0. Let t = -32 - h. What are the prime factors of t?
3, 7
Let t(d) = -10*d + 62. Let y be t(6). Suppose -16*m + 17360 = -y*m. What are the prime factors of m?
2, 5, 31
What are the prime factors of 312291/35 + -10 - (-6)/(-10)?
2, 557
What are the prime factors of (112/35)/(16/4040)?
2, 101
Suppose 0 = -0*h + 3*h + 5*d + 59, 3*h - 5*d = -49. Let r = h + 24. Let n(a) = 41*a - 9. List the prime factors of n(r).
3, 79
Let m = -636 - -2828. Let h = m - 1547. What are the prime factors of h?
3, 5, 43
Suppose -14*j + 144 = 34*j. Suppose -24*f - 2*p + 2326 = -22*f, j*f = 3*p + 3513. What are the prime factors of f?
3, 389
Let y(m) = 248*m**2 + 42*m + 27. List the prime factors of y(-6).
3, 967
Let n(m) = m**3 + 7*m**2 - 2*m + 5. Suppose -4*h - 62 = -38. What are the prime factors of n(h)?
53
Let b(w) = 4*w**2 + 5*w + 5. Let y be 39/(-3 + (3 - -1)). Let m = y + -44. List the prime factors of b(m).
2, 5
Let c(q) = 3*q**3 - 99*q**2 + 48*q + 73. What are the prime factors of c(35)?
9103
Let z = 1958 + 21814. What are the prime factors of z?
2, 3, 7, 283
Suppose -4*g + 92463 = -5*h, -12*g = -8*g - h - 92451. What are the prime factors of g?
2, 3, 107
Let t be ((-58496)/40)/((-42)/15 - -3). What are the prime factors of (t/24*-3)/(2 - 1)?
2, 457
Let x(k) = k**2 + 12*k. Let h be x(-12). Suppose 6*n - 6 = -c + 2*n, -4*c + 7 = -n. Suppose 3*a - 5*y - 27 = c*a, h = -2*y + 8. What are the prime factors of a?
47
Let k(u) = -u**2 + u + 2189. Let o be k(0). Let a = -1014 + o. What are the prime factors of a?
5, 47
Let w be 2*(1 + -2) + (2 - 2). Let t be (w + 5)*14/21. Suppose -2*s = -4*s + 3*a + 266, a = -t. What are the prime factors of s?
2, 5, 13
Suppose -2*s = -g + 3*g + 78, -g - 5*s = 39. Let w = g + 44. Suppose w*n - 181 - 367 = 2*d, -3*n + 4*d + 326 = 0. List the prime factors of n.
2, 5, 11
Suppose -3*g - g = -5*g. Suppose -4*j - 10*s + 316 = -6*s, -4*s + 16 = g. What are the prime factors of -6*(15/(-6) + 3) + j?
2, 3
Suppose 104*x + 377833 - 1052283 = 596846. What are the prime factors of x?
2, 191
Let i(r) = -r**3 - 31*r**2 - 36*r + 18. Let b be i(-30). Suppose -2*l = -13*l - b. What are the prime factors of 507*(30/l - -2)?
13
Let y(h) = -h**2 - 1. Let q(m) = m**3 - 5*m**2 - 4*m - 35. Let j(r) = q(r) + 3*y(r). List the prime factors of j(12).
2, 5, 7
Suppose 18*l - 3*z - 13453 = 17*l, 4 = -2*z. Suppose 20*w - 3*w = l. What are the prime factors of w?
7, 113
Suppose 2*u = -5*y + 9797, 4*y = -505*u + 508*u - 14707. List the prime factors of u.
13, 29
Let b(s) be the second derivative of 16*s**3/3 - 47*s**2/2 - 11*s + 4. What are the prime factors of b(11)?
5, 61
Let g = -8571 - -17799. List the prime factors of g.
2, 3, 769
Let p(r) = 138*r - 2228. What are the prime factors of p(105)?
2, 6131
Let p be (-6)/4 + (-948)/24 - 0. Let v = 76 + p. List the prime factors of v.
5, 7
Let c(g) = 7*g + 40. Let b be c(-5). Suppose -50 = b*k - 5*m, -6*m + 48 = -5*k - 2*m. Let q(h) = -21*h + 17. List the prime factors of q(k).
5, 37
Let k(v) = 3*v**2 + 13*v + 52. Let w be k(-9). Suppose -3*t = -t - w. List the prime factors of t.
89
Let a = 243 + -250. Let h(o) = -244*o + 62. List the prime factors of h(a).
2, 3, 5, 59
Let l(x) = -x**